
2, 41, 97
Suppose 2*w - 12 = -w. Let y be (3/w)/(1/4). Suppose 5*h + u - 300 = 3*u, 0 = y*h + 3*u - 201. List the prime factors of h.
2, 31
Suppose -5*c + 39576 = -13*c. Let x = -3327 - c. List the prime factors of x.
2, 3, 5
List the prime factors of (-16 - 4/(-2))*(-6)/(-12)*-115.
5, 7, 23
Let v = -373 + 573. Suppose -v*f + 204*f = -428. What are the prime factors of ((-2)/(-4)*2 - f) + 3?
3, 37
Let n(u) = -71*u + 117. Let c(k) = 6*k + 1. Let s(w) = -4*c(w) - n(w). What are the prime factors of s(3)?
2, 5
Let d = 257 + -90. Suppose d = -2*p - 4*u + 577, 3*u - 414 = -2*p. List the prime factors of p.
3, 71
Let u = 7345 - 5574. What are the prime factors of u?
7, 11, 23
Suppose -3*y + 30 = 3*r, 0 = -4*r - 5*y - 6 + 50. Suppose r*w = -w + 77. Let j(g) = g**3 - 10*g**2 - g - 13. List the prime factors of j(w).
97
Let a(r) = -33*r**3 + 16*r**2 - 24*r - 90. What are the prime factors of a(-8)?
2, 9011
Let w = 2350 + 3952. What are the prime factors of w?
2, 23, 137
Suppose 80 = -q + 83. Let j(o) = 41*o**3 + 6*o**2 - 15*o - 1. List the prime factors of j(q).
5, 223
Let g = -1328 - -520. Let d = g - -1198. What are the prime factors of d?
2, 3, 5, 13
Let v(r) = -r**2 + 17*r + 445. Let g be v(30). Let m be 1 + -1 + 15 + 1. Let f = g - m. List the prime factors of f.
3, 13
Suppose n - 3644 = -4*h + 191369, -5*h = -3*n - 243728. What are the prime factors of h?
48751
Let j(d) = d + 433. Let w = 73 - 44. What are the prime factors of j(w)?
2, 3, 7, 11
Let b = 52 - 41. Let n = -8 + b. Suppose -398 = -n*t + m, t = -4*t - 2*m + 678. What are the prime factors of t?
2, 67
Suppose -3 - 15 = -6*l, 0 = 3*f + l + 462. Let g = -143 - f. List the prime factors of g.
2, 3
Let l = 49 - 43. Suppose 0 = -l*j - 517 + 2677. List the prime factors of j.
2, 3, 5
Let u be ((-48)/160)/((-1)/10). What are the prime factors of (1987 - -14)*3/27*u?
23, 29
Suppose 0 = -7*q + q + 2*q. Suppose -h + 3*h + 350 = q. Let f = h + 279. What are the prime factors of f?
2, 13
Let g(f) be the second derivative of 277*f**4/3 + 2*f**3/3 + 3*f**2/2 + 3*f + 5. List the prime factors of g(-1).
3, 41
Let r(g) = -g**2 + 9*g + 12. Let x be r(10). Suppose 0 = 5*c - 5*h + 2275 - 6600, 0 = -5*c + x*h + 4331. List the prime factors of c.
3, 17
Suppose 3 = -h, -s - h + 4430 = -533. What are the prime factors of s?
2, 13, 191
Let f(z) = z**2 + 31*z - 28. Let p be f(-32). Let x(g) = -g**3 + g**2 - 3*g. Let n be x(p). Let k = 186 + n. List the prime factors of k.
2, 3, 7
Let c(h) = 3148*h - 895. List the prime factors of c(2).
11, 491
Let v be (-2559)/(-3) + (1 - 2). Suppose -6*x = -570 - v. Suppose b - 5*b = -5*p - x, 285 = 5*b + 5*p. What are the prime factors of b?
2, 29
Let a(t) = 6*t**2 + 29*t - 10. List the prime factors of a(-23).
11, 227
Let o(n) = n**3 + 3*n**2 - 9. Let m be o(0). Let c(w) = -w**3 - 9*w**2 - 13*w - 6. List the prime factors of c(m).
3, 37
Let a(p) = 103*p**3 + 4*p**2 + 40*p - 353. What are the prime factors of a(6)?
22279
Suppose 4*d = -3*o + 1, -d - 3*d = -3*o + 17. Let i be ((o/2)/(-3))/((-1)/4). What are the prime factors of (2/8*i)/((-1)/(-170))?
5, 17
Let v = -173 - -235. Let n = 215 - v. List the prime factors of n.
3, 17
List the prime factors of (297/(-6))/(-9)*1038 - -4.
29, 197
Let n(u) = 8*u**3 + 10*u**2 + 8*u - 6. Let c be n(-5). Let q = 1508 + c. What are the prime factors of q?
2, 89
Let i(s) = -7*s - 30. Let l be i(-5). Suppose 2*z + l*c = 285, z = 6*z - 4*c - 696. Suppose -7*x + z + 224 = 0. List the prime factors of x.
2, 13
Suppose -2*n = 4*v + 734, -4*n + 0*n + 4*v = 1516. Let k = 659 + n. List the prime factors of k.
2, 71
Let q(m) = -50*m**3 - 39*m**2 + 3*m + 13. What are the prime factors of q(-8)?
7, 3299
Suppose 0 = -255*u - 116*u + 666912 + 27808822. What are the prime factors of u?
2, 38377
Let a(f) = 144*f**2 - 70*f + 522. What are the prime factors of a(10)?
2, 13, 547
Suppose -58*w + 53*w + 10 = 0. Let d(s) = 14*s**3 - 2*s**w - 5 + 7 + 0 - 3. What are the prime factors of d(2)?
103
Suppose -s = 4*i + 178, -5*i + 0*s - s = 223. Let c be ((-102)/(-9))/(24/(-36)). Let j = c - i. List the prime factors of j.
2, 7
Suppose 4*r = -4*m + 19284, 0 = 18*m - 20*m. Suppose 14*v - 2053 = r. List the prime factors of v.
491
Let o(c) = 23*c**2 - 37*c + 242. Suppose b + 7 = 6, -5*z = -5*b - 45. List the prime factors of o(z).
2, 709
Let b(w) = 9*w + 3. Suppose -3*x + 6 = -0*p - 2*p, x = 3*p + 23. Let g(q) = -37*q - 11. Let a(s) = p*b(s) - 2*g(s). List the prime factors of a(-3).
2
Let m(n) = 113*n**2 + 3*n + 39955. List the prime factors of m(0).
5, 61, 131
Suppose -4*j + q = -0*j - 10, -j - 6 = 4*q. Suppose 0 = j*d - 9*d. Suppose g - 115 + 21 = d. What are the prime factors of g?
2, 47
Let s be 896/(-63) - 2/(-9). Let x(q) = q**3 + 15*q**2 + 8*q + 11. What are the prime factors of x(s)?
5, 19
Suppose 5*z - l + 16 = -1, 0 = 3*z + 5*l - 1. List the prime factors of (z + 2067/6)*2.
683
Suppose 0 = 4*a - 556 + 2644. Suppose -q = -5*l - 802, -2*q - 2*l = l - 1578. Let u = a + q. List the prime factors of u.
2, 3, 5
Let t(w) = -2*w**3 - w**2 - 3*w - 6. Suppose 2*u + 0*u - 6 = 0. Suppose -u*y = -y + 2*p + 4, -2*p + 12 = -2*y. List the prime factors of t(y).
2, 59
Let r(n) = -36*n + 22. Let y be (2 - 4)/(3*2/18). What are the prime factors of r(y)?
2, 7, 17
Let u(y) = -3*y**3 - 9*y**2 + 15*y + 9. Let n be u(-4). List the prime factors of 1/(n/(-1408)) - 5/15.
7, 67
Let k(o) = -5*o + 47. Let y be k(9). Suppose j - 4*j = -3*b - 474, 316 = y*j - b. What are the prime factors of j?
2, 79
What are the prime factors of 4 + (-21)/6 - (3 - 10077/2)?
2, 1259
Let t = 23713 - 14473. Suppose -13*i + 3*i + t = 0. What are the prime factors of i?
2, 3, 7, 11
Let k = 177 - 137. Suppose -a + 2*a = k. List the prime factors of a.
2, 5
Let q = -3117 + 4470. List the prime factors of q.
3, 11, 41
Suppose -2*v = -c + 2, -4*v = -v + 3. Let r be 270/4*(-2)/(-1). Suppose c*p = p - r. What are the prime factors of p?
3, 5
Suppose -24*a + 29*a - 835 = 0. Let n = a - -375. List the prime factors of n.
2, 271
Suppose 38*h - 23*h - 218478 = 683352. List the prime factors of h.
2, 23, 1307
Suppose -l + 4*o - 5*o - 36 = 0, -176 = 5*l + o. Let i = -31 - l. Suppose -4*v + 441 = -3*g, i*g + 32 = v - 88. List the prime factors of v.
2, 3
Let z(s) = 4*s + 88. Let p be z(-23). List the prime factors of (-10 + 677 - p/(-1)) + -3.
2, 3, 5, 11
Suppose -3*k - 4*c = 7, c + 3*c = -16. Suppose -5 = -o - k. What are the prime factors of 1/(-1) - -1 - (o + -22)?
2, 5
Suppose -4*u - 2*n - 2*n - 16 = 0, -2*u + 4*n = 8. Let z(r) = -33*r - 14 - 14*r + 10*r. List the prime factors of z(u).
2, 67
Suppose 3*w + 20347 = 5*f, -5*f - 5*w = -4681 - 15634. What are the prime factors of f?
7, 83
Let v be (-70)/(-7) - (1 + -3). Suppose a = -v*a + 21242. List the prime factors of a.
2, 19, 43
What are the prime factors of 1341*(7 - 6) - -13?
2, 677
Suppose 4*o - 59279 + 59 = 0. List the prime factors of o.
3, 5, 7, 47
Suppose -13*o = -2*v - 11*o + 12572, 31425 = 5*v - 4*o. List the prime factors of v.
11, 571
Suppose 135*u - 83*u = 464880. What are the prime factors of u?
2, 3, 5, 149
Let m = 7355 + -4831. Suppose -8*v + 13468 = m. What are the prime factors of v?
2, 3, 19
Let l = 90 + 372. Suppose 527 = 3*k - 4*a, 0 = -2*k + 5*a + 354 - 12. Let r = l - k. What are the prime factors of r?
281
Let w(o) = o**3 + 19*o**2 + 21*o - 38. Let k be w(-16). Let l = k - 334. What are the prime factors of l?
2, 3, 5
Let s(n) = -216*n + 4045. What are the prime factors of s(0)?
5, 809
Suppose -4*j + 28204 = 2*u, 8*j + 5*u = 11*j - 21166. List the prime factors of j.
2, 41, 43
Suppose -67*z + 65376 = -35*z. What are the prime factors of z?
3, 227
Let c be 22/(-99) - 4/(-18). Suppose -568 - 354 = -2*p + 5*t, -4*p - t + 1822 = c. List the prime factors of p.
2, 3, 19
Suppose -3*o - 6*o + 36 = 0. Suppose 2*w + 0*w - 108 = o*g, 108 = -4*g + 5*w. Let m(z) = z**3 + 27*z**2 - 3*z + 24. List the prime factors of m(g).
3, 5, 7
Let a be (-17)/(-34)*24/1. Suppose 5340 = a*d - 2*d. What are the prime factors of d?
2, 3, 89
Let y = -103 + 41. Let n = y + 59. List the prime factors of -4 + (-3 - n) + 10.
2, 3
Let u be (21 + 1)*(-1)/(-2) - 3. Let x(q) = -q**3 + 10*q**2 - 15*q - 9. Let n be x(u). What are the prime factors of (-1)/(-1 - (n - 3/(-219)))?
